157217 composite?
True
Is 9150042929 a composite number?
False
Is 6809922523 composite?
True
Is 5194500881 a prime number?
True
Is 5273332489 a composite number?
False
Is 19524960451 composite?
False
Is 6103863439 composite?
True
Is 56426776349 a composite number?
True
Is 4453689817 a prime number?
False
Is 3973577477 a prime number?
False
Is 942003301 prime?
False
Is 1768763551 a prime number?
True
Is 30177303131 a prime number?
True
Is 26598229337 a composite number?
False
Is 28503393713 prime?
True
Is 7175713439 a prime number?
True
Is 3201091151 a prime number?
False
Is 25064747567 composite?
True
Is 113700961 composite?
True
Is 1267123289 composite?
False
Is 108149269 a prime number?
True
Is 1496472409 a composite number?
False
Is 417197549 a composite number?
False
Is 359181463 composite?
True
Is 1136968717 a composite number?
False
Is 33334347931 a prime number?
True
Is 4231392314 a prime number?
False
Is 86844425017 composite?
True
Is 268626065 a composite number?
True
Is 38718732659 a prime number?
True
Is 5687751721 a prime number?
True
Is 4991605429 prime?
False
Is 7962054563 composite?
False
Is 1292631517 composite?
False
Is 1537570382 a composite number?
True
Is 10295624023 a composite number?
False
Is 3950106353 prime?
True
Is 1206211283 prime?
True
Is 15405463 prime?
False
Is 77080592627 prime?
False
Is 20110387 a composite number?
True
Is 6718785499 prime?
False
Is 2083188266 a composite number?
True
Is 123943091 a prime number?
False
Is 139296158 a composite number?
True
Is 2799039037 a prime number?
False
Is 93815308493 a composite number?
False
Is 924473669 prime?
False
Is 3697011749 prime?
True
Is 16662588581 a prime number?
True
Is 7958506879 a prime number?
True
Is 34512328817 a composite number?
False
Is 8722571917 a composite number?
True
Is 441574499 a prime number?
True
Is 75421182819 a composite number?
True
Is 705918317 prime?
False
Is 8649343765 a prime number?
False
Is 4897751081 a composite number?
False
Is 19935141761 prime?
False
Is 297378397 prime?
True
Is 9785922767 composite?
False
Is 2009545579 composite?
False
Is 14331058031 composite?
True
Is 12439067051 a prime number?
True
Is 28522589 prime?
True
Is 1269290741 prime?
False
Is 2623938149 composite?
True
Is 13248985027 composite?
True
Is 13874344669 a prime number?
False
Is 4549675961 prime?
True
Is 9907326877 a prime number?
False
Is 5848018867 a composite number?
True
Is 44316298889 a prime number?
False
Is 3191820781 a prime number?
False
Is 2603109799 prime?
False
Is 6416899259 a composite number?
True
Is 39868013 a composite number?
False
Is 4627593059 a prime number?
True
Is 18463656511 a composite number?
False
Is 9257589359 a composite number?
True
Is 605019661 a prime number?
True
Is 2636612917 a prime number?
False
Is 578652159 a prime number?
False
Is 4707559313 a composite number?
True
Is 160014721 a composite number?
True
Is 1553608319 prime?
False
Is 1669223971 a prime number?
True
Is 55975226083 prime?
False
Is 8635058729 composite?
True
Is 90122119 a composite number?
True
Is 47520783491 composite?
True
Is 205905783813 prime?
False
Is 4745048897 a prime number?
True
Is 20809806007 a prime number?
True
Is 3313922767 a composite number?
False
Is 1835068171 a prime number?
False
Is 23759891303 composite?
False
Is 4186594469 a composite number?
False
Is 1031929381 composite?
True
Is 78659266831 a composite number?
True
Is 2308455839 composite?
True
Is 17707702547 prime?
True
Is 296920253779 a composite number?
False
Is 44880778603 a prime number?
False
Is 3490971427 composite?
False
Is 61349437 composite?
False
Is 2097164977 a composite number?
True
Is 2806061677 prime?
True
Is 59367151 a prime number?
False
Is 398465581 a composite number?
False
Is 5145884591 prime?
True
Is 106469494213 a prime number?
True
Is 22762879687 a composite number?
True
Is 1974128197 composite?
False
Is 3573765817 a composite number?
True
Is 2214547411 a prime number?
True
Is 150632477 composite?
False
Is 333922453 composite?
False
Is 55859269 a composite number?
True
Is 3355603315 prime?
False
Is 16439177 composite?
False
Is 261061679 prime?
False
Is 82203018871 a prime number?
False
Is 29017814569 a prime number?
False
Is 1304267671 composite?
True
Is 2536400063 composite?
True
Is 15301476667 composite?
True
Is 582584287 a composite number?
False
Is 14550784289 composite?
False
Is 3456033059 composite?
False
Is 979115173 composite?
True
Is 305108123 prime?
True
Is 31964041883 a prime number?
False
Is 19523308097 prime?
True
Is 36713825909 a composite number?
False
Is 18373096207 a prime number?
True
Is 473242751 composite?
True
Is 26992804981 composite?
True
Is 79166840231 composite?
True
Is 48244168343 a prime number?
False
Is 153255503 a composite number?
False
Is 62896149341 composite?
False
Is 141460421 a composite number?
True
Is 25759182451 composite?
True
Is 231366391 a composite number?
True
Is 47762103238 a composite number?
True
Is 78472271491 composite?
False
Is 175170472069 a composite number?
False
Is 84657499019 a composite number?
False
Is 1962192971 composite?
False
Is 1771200649 a prime number?
True
Is 1063884587 a composite number?
False
Is 11010936121 a composite number?
True
Is 88841407 a composite number?
False
Is 3760907959 a composite number?
True
Is 870789877 a composite number?
False
Is 20495484907 prime?
False
Is 513830158 a prime number?
False
Is 3955532057 prime?
False
Is 1600229977 prime?
False
Is 6560033891 a composite number?
False
Is 11033912534 prime?
False
Is 12460120451 a prime number?
False
Is 378431021 prime?
True
Is 374241937 a composite number?
True
Is 10887557665 a prime number?
False
Is 225395647 composite?
False
Is 179480363 composite?
False
Is 32420212441 composite?
False
Is 335018663 a prime number?
False
Is 4907424955 prime?
False
Is 25810755041 a prime number?
False
Is 17691989911 prime?
True
Is 32524744831 composite?
True
Is 1771025401 composite?
True
Is 82126384261 a prime number?
False
Is 1438882649 prime?
True
Is 4166151911 prime?
True
Is 148811293 a composite number?
True
Is 19641602633 composite?
True
Is 1894111367 a composite number?
False
Is 23942321243 composite?
False
Is 1637713023 a prime number?
False
Is 6832075267 prime?
True
Is 597726277 a composite number?
True
Is 1891118459 a composite number?
True
Is 1031529131 a composite number?
False
Is 23570939173 prime?
True
Is 166154687 a prime number?
False
Is 537437239 prime?
False
Is 29306105693 a composite number?
False
Is 6057302159 prime?
True
Is 14633578123 a prime number?
True
Is 75699259 a prime number?
True
Is 96780905933 composite?
False
Is 15224962847 prime?
True
Is 6076857547 composite?
True
Is 3554176721 a composite number?
True
Is 787396019 composite?
False
Is 196886791993 a composite number?
True
Is 448336741 composite?
True
Is 6890473999 a composite number?
True
Is 13713107 composite?
False
Is 2213810218 a prime number?
False
Is 280230773 a prime number?
True
Is 18343081049 prime?
False
Is 1135659557 a composite number?
False
Is 4537856777 prime?
False
Is 7598696887 a composite number?
True
Is 381180857 a composite number?
True
Is 1404411805 a composite number?
True
Is 2307234499 composite?
False
Is 9805078067 prime?
True
Is 17736373261 prime?
True
Is 4299085601 prime?
True
Is 3712182031 a prime number?
True
Is 681804947 prime?
False
Is 31889393345 prime?
False
Is 35867794813 prime?
True
Is 17221754789 composite?
True
Is 147193253 a prime number?
True
Is 680867773 prime?
True
Is 358585989 composite?
True
Is 3308621149 composite?
True
Is 434900887 a prime number?
True
Is 27590552531 composite?
False
Is 852723379 a prime number?
True
Is 148368744581 a prime number?
False
Is 60657599 prime?
False
Is 3678699617 a prime number?
False
Is 3432629701 composite?
False
Is 5511630931 a composite number?
True
Is 27233621 a composite number?
True
Is 167654159 composite?
False
Is 17931666647 prime?
True
Is 53555977707 prime?
False
Is 372638527 prime?
True
Is 491848543 a prime number?
True
Is 104857185851 prime?
False
Is 248160649 prime?
False
Is 97539565 a composite number?
True
Is 466445321 a prime number?
True
Is 372000061 a prime number?
True
Is 507562117 a prime number?
False
Is 3761322241 a prime number?
True
Is 1897042969 a prime number?
False
Is 40